+ d. What is the remainder when v is divided by 21?
19
Let b(i) = i**2 - 7*i + 10. Let x(w) = w**2 - 3*w + 4. Let m be x(7). Let k = m + -4. Calculate the remainder when k is divided by b(7).
8
Suppose -2*m + 4*m = 670. Suppose -q - 4*q = -m. Let o = q + -26. What is the remainder when o is divided by 14?
13
Let j be (-38)/(-14) - (-10)/35. Let t(b) = 6*b - 4. Suppose -q - 20 - 54 = -2*i, i = -2*q + 47. What is the remainder when i is divided by t(j)?
11
Let k(a) = a**2 + 6*a - 30. What is the remainder when (-2)/(0 + (-1)/13) is divided by k(-10)?
6
Suppose -22 = -2*q - 2*p, -73 = -3*q - 0*p + 5*p. Suppose 4*z + 3*w - 12 = q, 0 = -5*w + 20. What is the remainder when 14 is divided by z?
2
Let x(k) = 6*k - 25. Calculate the remainder when x(12) is divided by 6.
5
Let z be (-2 + 0)*(-3 - -1). Suppose 76 = 2*k + b, -4*b + 0*b = -z*k + 164. What is the remainder when k is divided by 10?
9
Suppose -o - 14 = o. Let n(x) = 4*x + 2. What is the remainder when (-147)/6*12/o is divided by n(5)?
20
Suppose -4*k + n - 12 = 0, 3*k = 4*n - 3*n - 8. Suppose -2*s = 3*s - 30. What is the remainder when s is divided by 4/k + (3 - -2)?
2
Let i = 20 + -13. Let v = -1 - -5. Calculate the remainder when i is divided by v.
3
Let y be 2/(1/((-3)/6)). Let c = 38 + y. What is the remainder when c is divided by 13?
11
Let v(m) = -11*m**3 + m**2 + m - 1. Let z = 0 + 1. Let d be v(z). Let c = d + 15. Calculate the remainder when 13 is divided by c.
3
Let s = 48 + 5. Calculate the remainder when s + -2 + 2 + -3 is divided by 26.
24
What is the remainder when 86 is divided by 9/(-21) + (-314)/(-14)?
20
Let o(k) = 9*k - 30. Calculate the remainder when 95 is divided by o(7).
29
Suppose 3*p - 18 = 171. Calculate the remainder when p is divided by 16.
15
Let z(s) = -s**3 + 5*s**2 + 8*s - 8. Let q be z(6). Let g = 5 - q. Calculate the remainder when 7 is divided by (-4*g)/(2 - 3).
3
Let q(i) = -i**2 - 17*i - 11. Let b(g) = -26*g - 4. Calculate the remainder when b(-3) is divided by q(-15).
17
Suppose -o + 1 = u - 0, -o = -2*u - 10. Suppose -o*w = -41 - 35. Calculate the remainder when 56 is divided by w.
18
Suppose -3*l + 12 = -66. Let y(q) = 7*q. Let u = 35 + -24. Calculate the remainder when y(u) is divided by l.
25
What is the remainder when 62 is divided by 10 - (2 - 8)/2?
10
Suppose -4*b - 2*z = -22, -2*b - 5*z - 1 + 8 = 0. Calculate the remainder when 13 - 1 - 0 - 1 is divided by b.
5
Let g = 53 + -31. Let r = -19 + g. Let y = 3 + -1. What is the remainder when r is divided by y?
1
Suppose 11*r = 14*r - 30. Calculate the remainder when 25 is divided by r.
5
Let f(j) = -10*j - 6. Let k be f(8). Let q = k + 139. Calculate the remainder when (4 + q)*(-1)/(-3) is divided by 10.
9
Suppose -4*s = 32 - 140. What is the remainder when s is divided by 15?
12
Let c = -4 + 15. What is the remainder when 561/27 - 4/(-18) is divided by c?
10
Let y(k) = -k**3 + 9*k**2 + 11*k - 2. Let m be y(10). Suppose -l - 41 = -5*j, j + j = m. Let v = 40 + l. What is the remainder when 36 is divided by v?
17
Let q(j) = j**3 - 4*j + 2. Suppose -8*k + 12 = -5*k. Suppose -k*r - 5*f = -143, 3*f = 2*r + 5*f - 70. What is the remainder when r is divided by q(3)?
15
Suppose 24 = -l + 4*l. Let o(r) = 0*r**2 + r**2 + l - 4*r - r. What is the remainder when o(6) is divided by 5?
4
Suppose -2*a + 5*a - 12 = 0. Calculate the remainder when 5 is divided by a.
1
Suppose -120 + 20 = -5*w. What is the remainder when 548/7 - 2/7 is divided by w?
18
Let o(l) = -l**2 + 9*l - 4. Let u be o(8). Suppose -5*q - 8 + 3 = 0, -119 = u*a - 5*q. Let f = a - -43. What is the remainder when f is divided by 7?
5
Let u(n) = 4*n**2 - 2*n - 1. Let l = 6 - 7. What is the remainder when 17 is divided by u(l)?
2
Let x(a) be the third derivative of -a**4/12 - 5*a**3/6 - 3*a**2. Let w = 103 + -52. What is the remainder when w is divided by x(-9)?
12
Let h(k) = k**3 + 5*k**2 - 7*k + 10. What is the remainder when 45 is divided by h(-6)?
13
Let m(t) = 7*t**2 + 2*t - 1. Suppose 5*z - 67 = -3*g, -3*g = -5*z - 44 - 3. What is the remainder when m(-3) is divided by g?
18
Suppose -3*n - 1 = -4. Calculate the remainder when 2/9 + -6*49/(-378) is divided by n.
0
Let b(u) = u**2 - 5*u + 2. Suppose -4*n - 52 = -q - q, -n - 4 = 0. Calculate the remainder when b(-5) is divided by q.
16
Suppose 9 = -h - 4*t, 2*t = 3*h + h - 54. Calculate the remainder when 19 is divided by h.
8
Suppose 0 = -19*d + 18*d + 3. Let u be (-1 - -6)*(3 + -2). Suppose -u*y + y = 16, d*z = 4*y + 49. Calculate the remainder when 31 is divided by z.
9
Let u(i) = 4*i**2 - i - 4. Let w(o) = o**2 - 3*o - 7. Let d be w(5). Calculate the remainder when u(d) is divided by 8.
5
Let j = -4 - -53. Calculate the remainder when j is divided by 26.
23
Calculate the remainder when 33/(-2)*20/(-30) is divided by 3.
2
Let i = -39 - -64. What is the remainder when 98 is divided by i?
23
Let y(h) = -h**3 - 5*h**2 + 4*h - 1. What is the remainder when (-1)/(-2) + 61/2 is divided by y(-6)?
9
Let x = -9 - -12. Suppose t - 2*t + 2 = 0, -x*g + 26 = -2*t. Suppose h + 0 = 3*z + 15, 4*z = -2*h + 40. What is the remainder when h is divided by g?
8
Suppose 382 + 305 = 3*j. Suppose -j = -5*l + 4*f, 2*l - f - 75 = 16. Calculate the remainder when l is divided by 12.
9
Suppose -m + 25 = -20. Let v(r) = r**3 - 5*r**2 + 3*r + 1. What is the remainder when m is divided by v(5)?
13
Let x = -6 - -13. Let f(s) = -s + 10. Let z be f(x). Suppose -3*a + 42 = 3*d, -z*d + 12 + 23 = -4*a. Calculate the remainder when 24 is divided by d.
11
Let g = 4 - 1. Suppose -3*f - 2 = 2*x - 8, -3*f - 4*x = 0. What is the remainder when f is divided by g?
1
Let n(g) be the first derivative of -3*g - 1/2*g**2 - 3. Calculate the remainder when 3 is divided by n(-5).
1
Suppose 5 = -l, -u - 2*l + 5*l = -24. Calculate the remainder when u is divided by 4.
1
Let b(a) = 8*a**2 - 2*a - 12. Calculate the remainder when b(5) is divided by 36.
34
Suppose 1 = -z + 5*c, z + c = 2 + 3. Calculate the remainder when z is divided by 1.
0
What is the remainder when ((-1)/1)/((-5)/(-340)*-4) is divided by 2?
1
Let x(p) = -p**3 + 10*p**2 - 10*p - 11. What is the remainder when 145 is divided by x(8)?
34
Let a(b) be the second derivative of b**4/12 + 7*b**3/6 - 9*b**2/2 - 2*b. What is the remainder when a(-11) is divided by 12?
11
Let m(j) = j. Let k be m(0). Suppose c = -r + 8, 0 = -2*r + 3*c - k*c + 1. What is the remainder when r is divided by 2?
1
Suppose 20 = 3*i + 5*f - 6, 3*i - 5*f + 14 = 0. Suppose -2*u - i*u + 192 = 0. Suppose -2*k - k = -u. What is the remainder when 47 is divided by k?
15
Let i(s) = -4*s**2 + 28*s + 1. Let u(p) = p**2 - 7*p. Let z(g) = -2*i(g) - 9*u(g). Let d = 138 - 133. What is the remainder when z(5) is divided by d?
3
Let y be 3 - ((4 - 3) + -6). Suppose 3*x = y + 7. Let j(v) = v**3 - 6*v**2 + 6*v + 3. Calculate the remainder when j(5) is divided by x.
3
Let i(j) = j**2 - 5*j - 4. Let u be i(6). Calculate the remainder when 23 is divided by 5 + u - (-2 - -1).
7
Let u(l) be the second derivative of l**5/20 - l**4/3 - 3*l**3/2 + 5*l**2/2 - 2*l. Calculate the remainder when u(6) is divided by 8.
7
Let r be (3/2)/(-3)*-14. Let f = -5 + r. Calculate the remainder when 5 is divided by f.
1
Let g(z) = -2*z - 4. Let c(r) = r**3 + r**2 - 4*r. Let u be c(3). Suppose 5*s - 7 = 8, -5*h - 2*s = u. What is the remainder when 29 is divided by g(h)?
5
Let n = -38 - -62. Suppose 0 = -0*v + 3*v - n. Let m = -33 - -47. What is the remainder when m is divided by v?
6
Let y(o) = 3*o**2 - 5*o + 1. What is the remainder when 12 is divided by y(2)?
0
Let d(f) = f**3 - 3*f**2 - f - 7. Calculate the remainder when d(5) is divided by (2 - 1)/(2/26).
12
Suppose -a + 6 = -5. Suppose 0 = -2*s - 5*f + 3, 8 = -2*s + 5*f + 21. Suppose -s*y + 49 = -31. What is the remainder when y is divided by a?
9
Suppose 0 = -x + 1 - 3. Let g = x + 4. What is the remainder when 5 is divided by g?
1
Let z = 0 + 2. Let y be 0 + 6/(-2 + 5). Suppose -z = y*i - 24. Calculate the remainder when i is divided by 6.
5
Suppose 9*o = 4*o + 65. Calculate the remainder when o is divided by 5.
3
Suppose 4*t + 2 = 26. Calculate the remainder when 14 is divided by t.
2
Let j(g) = g + 36. What is the remainder when 42 is divided by j(-21)?
12
Let g = 190 + -97. What is the remaind